{"id":41820,"date":"2020-05-13T19:21:22","date_gmt":"2020-05-13T19:21:22","guid":{"rendered":"http:\/\/sitepro.pt\/base02\/?page_id=41820"},"modified":"2020-05-13T19:39:00","modified_gmt":"2020-05-13T19:39:00","slug":"contact-form-7","status":"publish","type":"page","link":"http:\/\/sitepro.pt\/base02\/contact-form-7\/","title":{"rendered":"Contact Form 7"},"content":{"rendered":"<p>[et_pb_section fb_built=&#8221;1&#8243; custom_padding_last_edited=&#8221;on|desktop&#8221; _builder_version=&#8221;4.4.6&#8243; custom_margin=&#8221;0px||0px||true|false&#8221; custom_padding=&#8221;100px||100px||true|false&#8221; custom_padding_tablet=&#8221;80px||80px||true|false&#8221; custom_padding_phone=&#8221;60px||60px||true|false&#8221; custom_padding__hover_enabled=&#8221;off|desktop&#8221;][et_pb_row _builder_version=&#8221;4.4.6&#8243; custom_margin=&#8221;0px||0px||true|false&#8221; custom_padding=&#8221;0px||0px||true|false&#8221;][et_pb_column type=&#8221;4_4&#8243; _builder_version=&#8221;4.4.6&#8243;][et_pb_text _builder_version=&#8221;4.4.6&#8243; text_orientation=&#8221;center&#8221; custom_margin=&#8221;0px||0px||true|false&#8221; custom_padding=&#8221;0px||30px||false|false&#8221;]<\/p>\n<h1 style=\"padding-bottom: 5px;\">Formul\u00e1rio de contacto<\/h1>\n<p>Para mais informa\u00e7\u00f5es sobre a nossa empresa ou servi\u00e7os n\u00e3o hesite em contactar-nos.[\/et_pb_text][et_pb_code _builder_version=&#8221;4.4.6&#8243; max_width=&#8221;800px&#8221; module_alignment=&#8221;center&#8221; custom_margin=&#8221;0px||0px||true|false&#8221; custom_padding=&#8221;0px||0px||true|false&#8221; hover_enabled=&#8221;0&#8243;]<div role=\"form\" class=\"wpcf7\" id=\"wpcf7-f41819-o1\" lang=\"pt-PT\" dir=\"ltr\">\n<div class=\"screen-reader-response\"><p role=\"status\" aria-live=\"polite\" aria-atomic=\"true\"><\/p> <ul><\/ul><\/div>\n<form action=\"\/base02\/wp-json\/wp\/v2\/pages\/41820#wpcf7-f41819-o1\" method=\"post\" class=\"wpcf7-form init\" enctype=\"multipart\/form-data\" novalidate=\"novalidate\" data-status=\"init\">\n<div style=\"display: none;\">\n<input type=\"hidden\" name=\"_wpcf7\" value=\"41819\" \/>\n<input type=\"hidden\" name=\"_wpcf7_version\" value=\"5.5.6.1\" \/>\n<input type=\"hidden\" name=\"_wpcf7_locale\" value=\"pt_PT\" \/>\n<input type=\"hidden\" name=\"_wpcf7_unit_tag\" value=\"wpcf7-f41819-o1\" \/>\n<input type=\"hidden\" name=\"_wpcf7_container_post\" value=\"0\" \/>\n<input type=\"hidden\" name=\"_wpcf7_posted_data_hash\" value=\"\" \/>\n<\/div>\n<div class=\"CF7_campofull\"><span class=\"wpcf7-form-control-wrap Nome\"><input type=\"text\" name=\"Nome\" value=\"\" size=\"40\" class=\"wpcf7-form-control wpcf7-text wpcf7-validates-as-required cmpTxt\" aria-required=\"true\" aria-invalid=\"false\" placeholder=\"Nome\" \/><\/span><\/div>\n<div class=\"CF7_campohalf\"><span class=\"wpcf7-form-control-wrap Email\"><input type=\"email\" name=\"Email\" value=\"\" size=\"40\" class=\"wpcf7-form-control wpcf7-text wpcf7-email wpcf7-validates-as-required wpcf7-validates-as-email cmpTxt\" aria-required=\"true\" aria-invalid=\"false\" placeholder=\"Email\" \/><\/span><\/div>\n<div class=\"CF7_campohalf\"><span class=\"wpcf7-form-control-wrap Telemovel\"><input type=\"text\" name=\"Telemovel\" value=\"\" size=\"40\" class=\"wpcf7-form-control wpcf7-text wpcf7-validates-as-required cmpTxt\" aria-required=\"true\" aria-invalid=\"false\" placeholder=\"Telefone\" \/><\/span><\/div>\n<div class=\"CF7_campohalf\"><span class=\"wpcf7-form-control-wrap Assunto\"><input type=\"text\" name=\"Assunto\" value=\"\" size=\"40\" class=\"wpcf7-form-control wpcf7-text wpcf7-validates-as-required cmpTxt\" aria-required=\"true\" aria-invalid=\"false\" placeholder=\"Assunto\" \/><\/span><\/div>\n<div class=\"CF7_campohalf\"><span class=\"wpcf7-form-control-wrap Checkbox\"><select name=\"Checkbox\" class=\"wpcf7-form-control wpcf7-select wpcf7-validates-as-required cmpTxt\" aria-required=\"true\" aria-invalid=\"false\"><option value=\"Checkbox\">Checkbox<\/option><option value=\"Op\u00e7\u00e3o 1\">Op\u00e7\u00e3o 1<\/option><option value=\"Op\u00e7\u00e3o 2\">Op\u00e7\u00e3o 2<\/option><option value=\"Op\u00e7\u00e3o 3\">Op\u00e7\u00e3o 3<\/option><\/select><\/span><\/div>\n<div class=\"CF7_campofull\"><span class=\"wpcf7-form-control-wrap Mensagem\"><textarea name=\"Mensagem\" cols=\"40\" rows=\"10\" class=\"wpcf7-form-control wpcf7-textarea cmpTxt\" aria-invalid=\"false\" placeholder=\"Mensagem\"><\/textarea><\/span><\/div>\n<div class=\"CF7_campofull\"><span style=\"font-size: 13px;\">Anexe aqui o seu ficheiro:<\/span><br\/><span class=\"wpcf7-form-control-wrap AnexoF\"><input type=\"file\" name=\"AnexoF\" size=\"40\" class=\"wpcf7-form-control wpcf7-file cmpAF\" accept=\".gif,.png,.jpg,.jpeg,.zip,.rar,.doc,.pdf,.xls,.docx,.xlsx,.txt\" aria-invalid=\"false\" \/><\/span><\/div>\n<div class=\"CF7_campofull\"><span class=\"wpcf7-form-control-wrap PP\"><span class=\"wpcf7-form-control wpcf7-checkbox wpcf7-validates-as-required cmpPP\"><span class=\"wpcf7-list-item first last\"><input type=\"checkbox\" name=\"PP[]\" value=\"Declaro que li, aceito e concordo com a Pol\u00edtica de Privacidade.\" \/><span class=\"wpcf7-list-item-label\">Declaro que li, aceito e concordo com a Pol\u00edtica de Privacidade.<\/span><\/span><\/span><\/span><\/div>\n<div class=\"et_pb_button_module_wrapper CF7_campofull\"><button type=\"submit\" class=\"et_pb_button\">Enviar<\/button><\/div>\n<div class=\"wpcf7-response-output\" aria-hidden=\"true\"><\/div><\/form><\/div>[\/et_pb_code][\/et_pb_column][\/et_pb_row][\/et_pb_section]<\/p>\n","protected":false},"excerpt":{"rendered":"<p>Formul\u00e1rio de contacto Para mais informa\u00e7\u00f5es sobre a nossa empresa ou servi\u00e7os n\u00e3o hesite em contactar-nos.<div role=\"form\" class=\"wpcf7\" id=\"wpcf7-f41819-o2\" lang=\"pt-PT\" dir=\"ltr\">\n<div class=\"screen-reader-response\"><p role=\"status\" aria-live=\"polite\" aria-atomic=\"true\"><\/p> <ul><\/ul><\/div>\n<form action=\"\/base02\/wp-json\/wp\/v2\/pages\/41820#wpcf7-f41819-o2\" method=\"post\" class=\"wpcf7-form init\" enctype=\"multipart\/form-data\" novalidate=\"novalidate\" data-status=\"init\">\n<div style=\"display: none;\">\n<input type=\"hidden\" name=\"_wpcf7\" value=\"41819\" \/>\n<input type=\"hidden\" name=\"_wpcf7_version\" value=\"5.5.6.1\" \/>\n<input type=\"hidden\" name=\"_wpcf7_locale\" value=\"pt_PT\" \/>\n<input type=\"hidden\" name=\"_wpcf7_unit_tag\" value=\"wpcf7-f41819-o2\" \/>\n<input type=\"hidden\" name=\"_wpcf7_container_post\" value=\"0\" \/>\n<input type=\"hidden\" name=\"_wpcf7_posted_data_hash\" value=\"\" \/>\n<\/div>\n<div class=\"CF7_campofull\"><span class=\"wpcf7-form-control-wrap Nome\"><input type=\"text\" name=\"Nome\" value=\"\" size=\"40\" class=\"wpcf7-form-control wpcf7-text wpcf7-validates-as-required cmpTxt\" aria-required=\"true\" aria-invalid=\"false\" placeholder=\"Nome\" \/><\/span><\/div>\n<div class=\"CF7_campohalf\"><span class=\"wpcf7-form-control-wrap Email\"><input type=\"email\" name=\"Email\" value=\"\" size=\"40\" class=\"wpcf7-form-control wpcf7-text wpcf7-email wpcf7-validates-as-required wpcf7-validates-as-email cmpTxt\" aria-required=\"true\" aria-invalid=\"false\" placeholder=\"Email\" \/><\/span><\/div>\n<div class=\"CF7_campohalf\"><span class=\"wpcf7-form-control-wrap Telemovel\"><input type=\"text\" name=\"Telemovel\" value=\"\" size=\"40\" class=\"wpcf7-form-control wpcf7-text wpcf7-validates-as-required cmpTxt\" aria-required=\"true\" aria-invalid=\"false\" placeholder=\"Telefone\" \/><\/span><\/div>\n<div class=\"CF7_campohalf\"><span class=\"wpcf7-form-control-wrap Assunto\"><input type=\"text\" name=\"Assunto\" value=\"\" size=\"40\" class=\"wpcf7-form-control wpcf7-text wpcf7-validates-as-required cmpTxt\" aria-required=\"true\" aria-invalid=\"false\" placeholder=\"Assunto\" \/><\/span><\/div>\n<div class=\"CF7_campohalf\"><span class=\"wpcf7-form-control-wrap Checkbox\"><select name=\"Checkbox\" class=\"wpcf7-form-control wpcf7-select wpcf7-validates-as-required cmpTxt\" aria-required=\"true\" aria-invalid=\"false\"><option value=\"Checkbox\">Checkbox<\/option><option value=\"Op\u00e7\u00e3o 1\">Op\u00e7\u00e3o 1<\/option><option value=\"Op\u00e7\u00e3o 2\">Op\u00e7\u00e3o 2<\/option><option value=\"Op\u00e7\u00e3o 3\">Op\u00e7\u00e3o 3<\/option><\/select><\/span><\/div>\n<div class=\"CF7_campofull\"><span class=\"wpcf7-form-control-wrap Mensagem\"><textarea name=\"Mensagem\" cols=\"40\" rows=\"10\" class=\"wpcf7-form-control wpcf7-textarea cmpTxt\" aria-invalid=\"false\" placeholder=\"Mensagem\"><\/textarea><\/span><\/div>\n<div class=\"CF7_campofull\"><span style=\"font-size: 13px;\">Anexe aqui o seu ficheiro:<\/span><br\/><span class=\"wpcf7-form-control-wrap AnexoF\"><input type=\"file\" name=\"AnexoF\" size=\"40\" class=\"wpcf7-form-control wpcf7-file cmpAF\" accept=\".gif,.png,.jpg,.jpeg,.zip,.rar,.doc,.pdf,.xls,.docx,.xlsx,.txt\" aria-invalid=\"false\" \/><\/span><\/div>\n<div class=\"CF7_campofull\"><span class=\"wpcf7-form-control-wrap PP\"><span class=\"wpcf7-form-control wpcf7-checkbox wpcf7-validates-as-required cmpPP\"><span class=\"wpcf7-list-item first last\"><input type=\"checkbox\" name=\"PP[]\" value=\"Declaro que li, aceito e concordo com a Pol\u00edtica de Privacidade.\" \/><span class=\"wpcf7-list-item-label\">Declaro que li, aceito e concordo com a Pol\u00edtica de Privacidade.<\/span><\/span><\/span><\/span><\/div>\n<div class=\"et_pb_button_module_wrapper CF7_campofull\"><button type=\"submit\" class=\"et_pb_button\">Enviar<\/button><\/div>\n<div class=\"wpcf7-response-output\" aria-hidden=\"true\"><\/div><\/form><\/div><\/p>\n","protected":false},"author":3,"featured_media":0,"parent":0,"menu_order":0,"comment_status":"closed","ping_status":"closed","template":"","meta":{"_et_pb_use_builder":"on","_et_pb_old_content":"","_et_gb_content_width":""},"_links":{"self":[{"href":"http:\/\/sitepro.pt\/base02\/wp-json\/wp\/v2\/pages\/41820"}],"collection":[{"href":"http:\/\/sitepro.pt\/base02\/wp-json\/wp\/v2\/pages"}],"about":[{"href":"http:\/\/sitepro.pt\/base02\/wp-json\/wp\/v2\/types\/page"}],"author":[{"embeddable":true,"href":"http:\/\/sitepro.pt\/base02\/wp-json\/wp\/v2\/users\/3"}],"replies":[{"embeddable":true,"href":"http:\/\/sitepro.pt\/base02\/wp-json\/wp\/v2\/comments?post=41820"}],"version-history":[{"count":6,"href":"http:\/\/sitepro.pt\/base02\/wp-json\/wp\/v2\/pages\/41820\/revisions"}],"predecessor-version":[{"id":55542,"href":"http:\/\/sitepro.pt\/base02\/wp-json\/wp\/v2\/pages\/41820\/revisions\/55542"}],"wp:attachment":[{"href":"http:\/\/sitepro.pt\/base02\/wp-json\/wp\/v2\/media?parent=41820"}],"curies":[{"name":"wp","href":"https:\/\/api.w.org\/{rel}","templated":true}]}}